 6698?
6
What is the hundreds digit of 51810?
8
What is the thousands digit of 64132?
4
What is the thousands digit of 86142?
6
What is the units digit of 5629?
9
What is the units digit of 1496?
6
What is the tens digit of 28399?
9
What is the tens digit of 114163?
6
What is the units digit of 168?
8
What is the hundreds digit of 853?
8
What is the thousands digit of 14234?
4
What is the units digit of 2098?
8
What is the thousands digit of 1873?
1
What is the ten thousands digit of 16033?
1
What is the units digit of 18966?
6
What is the hundreds digit of 35428?
4
What is the thousands digit of 3711?
3
What is the thousands digit of 2639?
2
What is the hundreds digit of 590?
5
What is the tens digit of 58688?
8
What is the thousands digit of 63107?
3
What is the tens digit of 778?
7
What is the thousands digit of 12081?
2
What is the thousands digit of 2836?
2
What is the tens digit of 58164?
6
What is the ten thousands digit of 26363?
2
What is the units digit of 20972?
2
What is the hundreds digit of 13389?
3
What is the thousands digit of 3010?
3
What is the hundreds digit of 3148?
1
What is the units digit of 411?
1
What is the ten thousands digit of 20440?
2
What is the tens digit of 138?
3
What is the hundreds digit of 591?
5
What is the units digit of 481?
1
What is the tens digit of 26?
2
What is the units digit of 52543?
3
What is the ten thousands digit of 71725?
7
What is the units digit of 5432?
2
What is the hundreds digit of 8699?
6
What is the tens digit of 94?
9
What is the thousands digit of 3986?
3
What is the hundreds digit of 146?
1
What is the hundreds digit of 134?
1
What is the hundreds digit of 34404?
4
What is the tens digit of 30129?
2
What is the hundred thousands digit of 103498?
1
What is the thousands digit of 53782?
3
What is the units digit of 13913?
3
What is the tens digit of 739?
3
What is the units digit of 1141?
1
What is the thousands digit of 3932?
3
What is the hundreds digit of 77148?
1
What is the hundreds digit of 717?
7
What is the hundreds digit of 14970?
9
What is the hundreds digit of 1919?
9
What is the tens digit of 2708?
0
What is the hundreds digit of 2359?
3
What is the units digit of 3773?
3
What is the thousands digit of 1477?
1
What is the tens digit of 5827?
2
What is the tens digit of 2437?
3
What is the thousands digit of 3550?
3
What is the ten thousands digit of 13020?
1
What is the hundreds digit of 239?
2
What is the units digit of 9?
9
What is the hundreds digit of 563?
5
What is the units digit of 11574?
4
What is the ten thousands digit of 50730?
5
What is the thousands digit of 2754?
2
What is the thousands digit of 149947?
9
What is the units digit of 81930?
0
What is the tens digit of 7130?
3
What is the hundreds digit of 175?
1
What is the units digit of 43134?
4
What is the hundreds digit of 7203?
2
What is the units digit of 29?
9
What is the ten thousands digit of 21895?
2
What is the ten thousands digit of 187239?
8
What is the ten thousands digit of 125334?
2
What is the hundreds digit of 22501?
5
What is the thousands digit of 4958?
4
What is the tens digit of 146252?
5
What is the hundreds digit of 41863?
8
What is the units digit of 11910?
0
What is the tens digit of 2382?
8
What is the hundreds digit of 339?
3
What is the hundred thousands digit of 110671?
1
What is the thousands digit of 1719?
1
What is the thousands digit of 38533?
8
What is the hundreds digit of 6187?
1
What is the thousands digit of 5005?
5
What is the tens digit of 835?
3
What is the units digit of 572?
2
What is the hundreds digit of 903?
9
What is the tens digit of 7303?
0
What is the tens digit of 1584?
8
What is the tens digit of 15149?
4
What is the thousands digit of 1251?
1
What is the tens digit of 19641?
4
What is the tens digit of 6990?
9
What is the tens digit of 25922?
2
What is the units digit of 2395?
5
What is the hundreds digit of 763?
7
What is the thousands digit of 1649?
1
What is the hundreds digit of 4656?
6
What is the units digit of 77246?
6
What is the tens digit of 48692?
9
What is the tens digit of 2709?
0
What is the thousands digit of 1245?
1
What is the tens digit of 1219?
1
What is the units digit of 17667?
7
What is the units digit of 2593?
3
What is the thousands digit of 26167?
6
What is the tens digit of 7382?
8
What is the hundreds digit of 2743?
7
What is the thousands digit of 6656?
6
What is the units digit of 4119?
9
What is the hundreds digit of 7492?
4
What is the units digit of 13377?
7
What is the units digit of 7402?
2
What is the hundreds digit of 1947?
9
What is the ten thousands digit of 37812?
3
What is the thousands digit of 9316?
9
What is the thousands digit of 7099?
7
What is the tens digit of 2245?
4
What is the tens digit of 14953?
5
What is the ten thousands digit of 121025?
2
What is the tens digit of 4517?
1
What is the ten thousands digit of 40977?
4
What is the hundreds digit of 465?
4
What is the units digit of 5502?
2
What is the tens digit of 3024?
2
What is the hundreds digit of 33356?
3
What is the hundreds digit of 30070?
0
What is the units digit of 6576?
6
What is the tens digit of 2048?
4
What is the hundreds digit of 77605?
6
What is the units digit of 14108?
8
What is the tens digit of 701?
0
What is the tens digit of 10648?
4
What is the ten thousands digit of 41626?
4
What is the hundreds digit of 4938?
9
What is the tens digit of 801?
0
What is the units digit of 2590?
0
What is the hundreds digit of 23624?
6
What is the tens digit of 2376?
7
What is the thousands digit of 6452?
6
What is the tens digit of 8836?
3
What is the tens digit of 10121?
2
What is the units digit of 1067?
7
What is the tens digit of 454?
5
What is the tens digit of 924?
2
What is the thousands digit of 5878?
5
What is the ten thousands digit of 30232?
3
What is the tens digit of 4055?
5
What is the hundreds digit of 5892?
8
What is the hundreds digit of 9136?
1
What is the hundreds digit of 2915?
9
What is the tens digit of 15865?
6
What is the thousands digit of 5460?
5
What is the units digit of 7309?
9
What is the thousands digit of 1499?
1
What is the tens digit of 47923?
2
What is the tens digit of 1000?
0
What is the hundreds digit of 25936?
9
What is the tens digit of 190842?
4
What is the hundreds digit of 938?
9
What is the units digit of 52187?
7
What is the hundreds digit of 783?
7
What is the hundreds digit of 24372?
3
What is the units digit of 8510?
0
What is the hundreds digit of 3155?
1
What is the hundreds digit of 600?
6
What is the units digit of 24079?
9
What is the tens digit of 140?
4
What is the hundreds digit of 4104?
1
What is the tens digit of 53760?
6
What is the tens digit of 1885?
8
What is the hundreds digit of 554?
5
What is the ten thousands digit of 133327?
3
What is the tens digit of 40675?
7
What is the ten thousands digit of 14801?
1
What is the thousands digit of 10483?
0
What is the hundreds digit of 1068?
0
What is the tens digit of 6900?
0
What is the thousands digit of 41388?
1
What is the units digit of 40105?
5
What is the units digit of 117?
7
What is the units digit of 65344?
4
What is the hundreds digit of 999?
9
What is the hundreds digit of 11445?
4
What is the thousands digit of 5020?
5
What is the thousands digit of 2464?
2
What is the hundreds digit of 118?
1
What is the hundred thousands digit of 113445?
1
What is the ten thousands digit of 32727?
3
What is the units digit of 682?
2
What is the hundreds digit of 627?
6
What is the tens digit of 674?
7
What is the units digit of 68?
8
What is the units digit of 4478?
8
What is the tens digit of 17275?
7
What is the units digit of 433?
3
What is the hundreds digit of 4954?
9
What is the units digit of 17818?
8
What is the tens digit of 1464?
6
What is the thousands digit of 23319?
3
What is the hundreds digit of 41508?
5
What is the tens digit of 28784?
8
What is the units digit of 8715?
5
What is the units digit of 1672?
2
What is the hundreds digit of 44417?
4
What is the units digit of 828?
8
What is the hundreds digit of 3055?
0
What is the tens digit of 229?
2
What is the units digit of 809?
9
What is the thousands digit of 9389?
9
What is the ten thousands digit of 19418?
1
What is the thousands digit of 1399?
1
What is the tens digit o